r of 18 and n?
2
Let w be (12 - (-1)/(-1)) + -3. What is the greatest common divisor of 72 and w?
8
Let m = 31 + -87. Let i be (-9)/6*m/6. What is the greatest common factor of i and 7?
7
Suppose 0 = -4*r - 24 - 12. Suppose -3*p - 29 = 22. Let m = r - p. What is the highest common factor of 16 and m?
8
Let a(n) = 11*n**2 + 1. Let g be a(1). Let k be 9*((-1)/(-1) - (-2 - -1)). Calculate the highest common divisor of g and k.
6
Let j be (6 - 3 - 113)/(2/(-3)). What is the greatest common factor of j and 15?
15
Let p(g) = g**3 - g**2 + g - 6. Let q be p(0). Let w = q + 9. Suppose 0 = -w*x - 0*x + 456. What is the greatest common factor of x and 19?
19
Let v(c) = -6*c + 3 + 4*c + 4*c. Let j be v(6). Let r be (30/4)/((-6)/(-8)). Calculate the greatest common divisor of r and j.
5
Suppose 0*w - w + 116 = 2*r, -4*r + 234 = 3*w. Calculate the greatest common factor of 19 and r.
19
Suppose 3*n + 5*q + 20 = 0, -5*n + n - 8 = 2*q. Suppose -3*j + 4*j - 2 = n. What is the highest common divisor of j and 2?
2
Suppose 4*v = -3*g - v + 80, 5*g = -5*v + 150. Let h = 23 - 16. What is the highest common factor of h and g?
7
Suppose -s + 5 = 3. Suppose 0 = c - s - 3. Calculate the highest common divisor of c and 40.
5
Suppose i + 0 - 3 = 0. Suppose -3*s = -12 + i. Let c be -3 + -3*(s - 12). What is the highest common factor of 6 and c?
6
Let d(c) = -c**2. Let m(j) = 8*j**2 - 2*j. Let y(z) = -6*d(z) + m(z). Let n be y(-3). Suppose p - 2 = 10. Calculate the highest common factor of p and n.
12
Suppose 4*b - 237 = -17. What is the highest common divisor of b and 11?
11
Let k(o) = o**2 + 2*o - 3. Let y be k(-5). Calculate the highest common divisor of y and 9.
3
Let r be (-96)/(-18) + 1*2/3. What is the greatest common divisor of 48 and r?
6
Let x = -2 + 0. Let m be ((-40)/2)/(x/7). Calculate the greatest common factor of 10 and m.
10
Let o(y) be the third derivative of -y**6/120 + y**5/60 - y**4/6 - 5*y**3/6 + 4*y**2. Let g be o(-4). What is the greatest common factor of g and 13?
13
Let w(u) = u**3 + 6*u**2 + u - 4. Let n be w(-5). Suppose -q = -3*q + 4*j + n, 5*q - 7 = -j. Calculate the greatest common factor of 14 and q.
2
Let d = -68 + 194. What is the highest common divisor of 14 and d?
14
Suppose 390 - 38 = 4*u. Let t(s) = 7*s**2 + 6*s**2 - 4*s**2 - 2*s + 1. Let k be t(1). What is the highest common divisor of k and u?
8
Suppose -18*q + 23*q - 190 = 0. What is the greatest common factor of 76 and q?
38
Let o be 51 - ((-2 - -3) + -2). Let q(d) = -d + 15. Let g be q(0). Let f = -2 + g. Calculate the highest common divisor of o and f.
13
Suppose a = -3*a + 108. Let d = -23 + a. Calculate the greatest common factor of 8 and d.
4
Let t be 2/10 - (-72)/15. Suppose -v + 71 - 176 = -t*s, -3*s + v = -61. Let q be s + 2/(0 + 1). Calculate the highest common divisor of q and 60.
12
Let j = -40 + 97. What is the highest common factor of j and 513?
57
Let w = -16 - -36. Calculate the highest common divisor of 12 and w.
4
Suppose -4*r = -4*u - 64, 2*r - 24 = -3*u - 2. What is the greatest common divisor of 56 and r?
14
Suppose -160 + 15 = -5*m. Calculate the greatest common divisor of 203 and m.
29
Let o(s) be the first derivative of -s**4/4 - 8*s**3/3 - 9*s**2/2 + 10*s + 32. Let h = -20 - -13. Let j be o(h). What is the highest common divisor of j and 60?
12
Suppose -5*p - 11 + 71 = 0. Suppose 3*c + 2*t - 8 = 0, 0 = -0*c - c + 4*t + p. What is the highest common factor of c and 4?
4
Suppose 5*g - 188 = -53. Let r = 21 + -7. Let i = r + -5. Calculate the greatest common divisor of g and i.
9
Let p = 30 + -18. Suppose 4*l = p + 12. Calculate the greatest common factor of l and 30.
6
Suppose -24 = -4*r + 2*g + 78, 4*r + 4*g = 132. Suppose 0 = 3*v + v - r. What is the highest common divisor of v and 63?
7
Let o = 10 + 11. Calculate the greatest common factor of 7 and o.
7
Let s = -56 - -156. Suppose -3*k + s = -0*k - 4*t, 6 = 3*t. What is the highest common divisor of 54 and k?
18
Let q be (9/(-12))/(6/(-480)). What is the highest common factor of q and 12?
12
Suppose n = -5*o - 1, -2*n + 3*o = -13 + 2. Calculate the highest common factor of 20 and n.
4
Let v(i) = -10*i - 21. Let j be v(-14). Calculate the highest common factor of 17 and j.
17
Let d be -3 - 1/(-1) - -5. Let c be 1/d - (-4)/(-3). Let q be (9/(-12))/(c/8). Calculate the greatest common divisor of 6 and q.
6
Suppose 0 = 2*a + 4*y - 24 - 6, -a - 5*y = -24. What is the greatest common factor of 3 and a?
3
Let o be 14 + 3 - (-6)/2. What is the highest common factor of o and 4?
4
Suppose -4*n + 24 = 5*k - 3*n, 13 = 2*k - 3*n. Suppose 2*f - 4*d = -0*f + 32, -85 = -k*f + 5*d. Calculate the greatest common divisor of f and 45.
9
Let w = -125 + 128. What is the greatest common factor of w and 27?
3
Let z(m) = 2*m + 16. Let i be z(-8). Suppose 5*b = -i*b + 45. What is the greatest common divisor of b and 99?
9
Let x = -9 - -75. What is the highest common factor of x and 99?
33
Let n be (-4)/6 + -4*(-94)/24. Suppose 4*s - 7 = 33. What is the greatest common divisor of n and s?
5
Suppose 3*i + 2*i - 375 = 0. Let m = -18 + i. What is the highest common divisor of 38 and m?
19
Suppose -3*j - 2*j + 3*c = -50, 3*j - 6 = -3*c. What is the highest common divisor of 49 and j?
7
Suppose -18 = 3*x - 0*x. Let o = -1 - x. Calculate the greatest common factor of 5 and o.
5
Suppose 25 - 61 = -2*i - 4*c, 0 = -5*i - 3*c + 90. Let u(f) = f + 9. Let n be u(-7). Calculate the greatest common divisor of n and i.
2
Suppose 3*u + 83 - 359 = 0. Calculate the greatest common divisor of 23 and u.
23
Suppose 120 = 5*r + 15. What is the highest common factor of 21 and r?
21
Let f(p) = -8*p - 26. Let i be f(-7). Calculate the highest common factor of i and 60.
30
Suppose h + 29 = 2*a + 2*h, a - 5*h - 20 = 0. Calculate the greatest common divisor of 45 and a.
15
Let x be (-2)/8 + 42/8. Let j be -18*2*3/(-18). Let b(r) = r**2 + 3*r + 1. Let h be b(j). What is the highest common divisor of x and h?
5
Let l be 34*2 + (-6)/2. What is the highest common divisor of l and 13?
13
Let d = 12 - -54. Suppose 3*r - 5*m = 13, r + 3*r - m = 23. What is the greatest common factor of d and r?
6
Let g be 4 - (-4)/(-4) - 2. Suppose 0 = p - 5*t + 7, 4*p + 18 = 3*t - 27. Let v = -3 - p. Calculate the highest common factor of v and g.
1
Suppose 3*p - 2*p = 66. Calculate the greatest common factor of p and 44.
22
Suppose 0*n + a = n - 65, -5*a = 4*n - 215. Let r(b) = b**3 + 7*b**2 + 6*b + 4. Let h be r(-5). What is the highest common factor of n and h?
12
Let m = -4 - -4. Suppose 3*q - 58 - 32 = m. Calculate the greatest common factor of 45 and q.
15
Let c(k) = -k**2 + k + 6. Let f = -17 - -17. Let a be c(f). What is the highest common divisor of 3 and a?
3
Let p(n) = -n**3 + 6*n**2 + 8*n - 7. Let s be p(7). Suppose -4*k + 300 = -s*k. Calculate the highest common factor of 15 and k.
15
Let i(d) = d**3 + d**2 + 14. Let s = 6 - 10. Let k = s + 4. Let v be i(k). What is the highest common divisor of v and 126?
14
Let y(w) = 3*w**3 - 3*w**2 + 2*w - 4. Let q be y(2). What is the greatest common factor of 18 and q?
6
Let r = 17 - 12. Suppose r*w - 75 = -4*p - p, -5*p = 4*w - 71. Calculate the greatest common factor of 77 and p.
11
Suppose 5*q - 320 = -3*h, 34 + 71 = h + 2*q. What is the highest common divisor of h and 46?
23
Let x be (-7)/(21/(-9)) + 27. What is the greatest common divisor of 45 and x?
15
Let m be 231/(-14)*(-2)/3. What is the greatest common divisor of m and 22?
11
Suppose 0 = -z - 1, -4*g - 49 = z + 68. Let o = -17 - g. What is the greatest common factor of 132 and o?
12
Suppose n = 3*s + 136, 6*n - 429 = 3*n + 2*s. What is the greatest common factor of 58 and n?
29
Let b = -42 + 158. Suppose -2*y = 5*s - b, y = -2*s - 2*y + 42. What is the highest common divisor of 16 and s?
8
Let v be ((-9)/6)/((-1)/10). Suppose 0*r + v = -3*r. Let c(b) = -7*b + 1. Let o be c(r). What is the highest common divisor of 4 and o?
4
Let t = -45 + 69. Let k(a) = -a**3 - 7*a**2 - a + 9. Let r(s) = s**2 + 8*s + 5. Let j be r(-6). Let i be k(j). Calculate the highest common divisor of i and t.
8
Let d = 26 - -10. Let z(v) = -v - 1. Let o be z(-8). Let l(s) = -s**2 + 9*s - 10. Let a be l(o). What is the greatest common factor of d and a?
4
Let o(h) = -24*h - 4. Let t be o(-5). Le